7663172?
6
What is the hundreds digit of 41794767?
7
What is the tens digit of 8886129?
2
What is the ten thousands digit of 172103916?
0
What is the ten millions digit of 23261539?
2
What is the hundreds digit of 632469047?
0
What is the ten millions digit of 152687913?
5
What is the hundred thousands digit of 410062207?
0
What is the ten thousands digit of 50107494?
0
What is the hundred thousands digit of 1684611?
6
What is the hundreds digit of 1856141755?
7
What is the hundreds digit of 1194783696?
6
What is the ten millions digit of 13012728?
1
What is the units digit of 22093692?
2
What is the thousands digit of 1008914651?
4
What is the hundred millions digit of 194647163?
1
What is the billions digit of 2380162378?
2
What is the thousands digit of 213388649?
8
What is the millions digit of 104310990?
4
What is the ten millions digit of 580255721?
8
What is the thousands digit of 269240359?
0
What is the ten thousands digit of 358937929?
3
What is the tens digit of 4879639?
3
What is the ten thousands digit of 1670706809?
0
What is the thousands digit of 433750180?
0
What is the units digit of 125659533?
3
What is the ten millions digit of 57970419?
5
What is the units digit of 33552952?
2
What is the hundreds digit of 43910545?
5
What is the ten thousands digit of 667042201?
4
What is the tens digit of 531264352?
5
What is the millions digit of 1263267042?
3
What is the units digit of 92551967?
7
What is the hundreds digit of 3167584235?
2
What is the hundred millions digit of 174170921?
1
What is the ten thousands digit of 514092743?
9
What is the hundred thousands digit of 5376741995?
7
What is the ten millions digit of 68984271?
6
What is the millions digit of 3074979954?
4
What is the units digit of 61883899?
9
What is the units digit of 5228995?
5
What is the tens digit of 8880814?
1
What is the hundred thousands digit of 132021652?
0
What is the hundred millions digit of 232518769?
2
What is the hundred thousands digit of 52534920?
5
What is the tens digit of 452497017?
1
What is the ten thousands digit of 178054819?
5
What is the units digit of 830362003?
3
What is the millions digit of 60908331?
0
What is the ten millions digit of 42960821?
4
What is the ten millions digit of 181265460?
8
What is the hundred thousands digit of 39601004?
6
What is the hundreds digit of 820919843?
8
What is the thousands digit of 21451549?
1
What is the ten millions digit of 14401660?
1
What is the hundred millions digit of 241788284?
2
What is the hundred thousands digit of 680767310?
7
What is the ten millions digit of 34227025?
3
What is the thousands digit of 45677032?
7
What is the hundreds digit of 763348299?
2
What is the ten thousands digit of 5722679142?
7
What is the millions digit of 559185128?
9
What is the ten thousands digit of 144060125?
6
What is the hundred thousands digit of 53690591?
6
What is the hundred millions digit of 347434578?
3
What is the millions digit of 120471570?
0
What is the thousands digit of 5902457412?
7
What is the units digit of 1072647677?
7
What is the hundreds digit of 462820655?
6
What is the thousands digit of 1288893230?
3
What is the ten millions digit of 345730348?
4
What is the units digit of 10182919?
9
What is the ten millions digit of 194174173?
9
What is the hundred millions digit of 907937106?
9
What is the hundreds digit of 16437528?
5
What is the thousands digit of 1499645197?
5
What is the tens digit of 134745147?
4
What is the ten millions digit of 5284866546?
8
What is the millions digit of 129957122?
9
What is the hundreds digit of 40315097?
0
What is the hundreds digit of 2497681394?
3
What is the hundred thousands digit of 438392423?
3
What is the hundreds digit of 161039612?
6
What is the ten thousands digit of 1847564095?
6
What is the tens digit of 4827249671?
7
What is the millions digit of 41361567?
1
What is the tens digit of 400427?
2
What is the millions digit of 17207808?
7
What is the ten millions digit of 62718716?
6
What is the ten thousands digit of 85824770?
2
What is the units digit of 81977096?
6
What is the units digit of 685996?
6
What is the millions digit of 582293695?
2
What is the ten millions digit of 131966058?
3
What is the hundreds digit of 3499476?
4
What is the thousands digit of 53742502?
2
What is the units digit of 94837617?
7
What is the units digit of 3228519036?
6
What is the hundred thousands digit of 585434937?
4
What is the ten thousands digit of 26138423?
3
What is the hundred millions digit of 2790710359?
7
What is the hundreds digit of 408562552?
5
What is the hundreds digit of 2188979074?
0
What is the hundred millions digit of 106134063?
1
What is the millions digit of 1678472103?
8
What is the tens digit of 5968676890?
9
What is the tens digit of 61327092?
9
What is the ten millions digit of 5762913955?
6
What is the hundred thousands digit of 321966096?
9
What is the units digit of 2078766432?
2
What is the hundred millions digit of 6214992349?
2
What is the hundred thousands digit of 7695130054?
1
What is the thousands digit of 908715460?
5
What is the millions digit of 111405615?
1
What is the millions digit of 96330096?
6
What is the ten thousands digit of 6855117605?
1
What is the billions digit of 2036587681?
2
What is the hundreds digit of 135502116?
1
What is the ten thousands digit of 24165934?
6
What is the thousands digit of 48516112?
6
What is the millions digit of 90793060?
0
What is the hundreds digit of 70400314?
3
What is the tens digit of 30864130?
3
What is the thousands digit of 2334974617?
4
What is the thousands digit of 51863123?
3
What is the units digit of 2138092471?
1
What is the ten millions digit of 10754424?
1
What is the hundred thousands digit of 3901888149?
8
What is the ten thousands digit of 176648517?
4
What is the ten thousands digit of 71505432?
0
What is the ten millions digit of 115139568?
1
What is the units digit of 913856282?
2
What is the hundred thousands digit of 283840270?
8
What is the hundreds digit of 24174603?
6
What is the tens digit of 103830580?
8
What is the millions digit of 25332850?
5
What is the hundred thousands digit of 7049780035?
7
What is the millions digit of 214566160?
4
What is the billions digit of 1559488524?
1
What is the thousands digit of 39560833?
0
What is the hundred thousands digit of 2508061518?
0
What is the hundred millions digit of 927834751?
9
What is the ten millions digit of 20338699?
2
What is the thousands digit of 200022804?
2
What is the hundred thousands digit of 160483141?
4
What is the ten thousands digit of 45929294?
2
What is the thousands digit of 238182283?
2
What is the millions digit of 102783076?
2
What is the millions digit of 610503305?
0
What is the thousands digit of 443785545?
5
What is the hundred millions digit of 2074392039?
0
What is the units digit of 201914225?
5
What is the ten thousands digit of 140281710?
8
What is the thousands digit of 664074231?
4
What is the hundreds digit of 189091340?
3
What is the hundred millions digit of 627252096?
6
What is the tens digit of 1293807871?
7
What is the ten millions digit of 5157708993?
5
What is the thousands digit of 110662871?
2
What is the ten thousands digit of 150543870?
4
What is the units digit of 253670034?
4
What is the hundred thousands digit of 786381774?
3
What is the ten millions digit of 66526296?
6
What is the hundred thousands digit of 102939221?
9
What is the ten thousands digit of 82564944?
6
What is the ten thousands digit of 9093997?
9
What is the units digit of 72813158?
8
What is the units digit of 2169511346?
6
What is the units digit of 21056409?
9
What is the hundred thousands digit of 1610546653?
5
What is the ten thousands digit of 310040823?
4
What is the hundred thousands digit of 232474764?
4
What is the millions digit of 37673044?
7
What is the hundreds digit of 241360218?
2
What is the thousands digit of 3868330499?
0
What is the ten millions digit of 321870077?
2
What is the ten thousands digit of 32360557?
6
What is the tens digit of 73606529?
2
What is the hundreds digit of 64063660?
6
What is the hundred millions digit of 1661131986?
6
What is the hundred thousands digit of 45906662?
9
What is the thousands digit of 8468278?
8
What is the tens digit of 6